6*x**2 + 420*x + 3777. What is the remainder when b(-8) is divided by w?
1
Suppose a + 2*h + 7 - 3 = 0, -2*a - 13 = -h. Calculate the remainder when 10 is divided by 16/a*36/(-24).
2
Suppose 5*u - 185 + 55 = 0. Let c be 4 - (3 - -3) - -920. Suppose 0 = -7*p - 379 + c. What is the remainder when p is divided by u?
25
Suppose 4*d + 4*t - 73 = 5*t, 4*t + 45 = 3*d. Let z be -2 + 96/44 - 150/(-22). Suppose 546 = z*r - r. What is the remainder when r is divided by d?
15
Suppose 788 = 10*l - 1022. Let v = -147 + l. What is the remainder when v is divided by (1 + -4)*(2 - 5)?
7
Let r = -39 - -42. Suppose -9 = 3*k, 0 = 2*o - r*k - 132 - 11. Calculate the remainder when o is divided by 10.
7
Let l = 1500 + -1039. Let t(c) = -c**3 - 85*c**2 - 37*c - 3087. Calculate the remainder when l is divided by t(-85).
55
Let p = 2086 + -1572. What is the remainder when 1553 is divided by p?
11
Let l(f) be the first derivative of f**4/4 - 14*f**3 - 42*f**2 - 109*f - 34. What is the remainder when l(44) is divided by 18?
13
Let g = 8348 + -6892. Calculate the remainder when g is divided by 2.
0
Suppose 2*g - 3*t = -0*t - 93, -5*g + 4*t = 250. Let o = 60 + g. Let m(j) = 7*j - 37. What is the remainder when 24 is divided by m(o)?
4
What is the remainder when (-1138)/(-3) + (-32)/96 is divided by 106?
61
Let f = 218 - 217. Suppose 3*w = -2*s + 12, 4*w + f = 5*s - 52. Suppose 159 = 3*q + 30. Calculate the remainder when q is divided by s.
7
Let l(b) = b**3 + 6*b**2 - 3*b + 7. Let v = 3969 - 3901. What is the remainder when v is divided by l(-6)?
18
Suppose 4*v = 4*m + 88, 3*v - 6 = -2*m + 55. Let j = v + 10. Suppose -h + j = 9. What is the remainder when 87 is divided by h?
21
Let w be 4 - (4 + (1 - (-36)/(-4))). Let l(g) = 0*g - 2 + 13*g**2 + 3*g + w*g**2. Calculate the remainder when 41 is divided by l(1).
19
Suppose 5*n - 6 - 9 = 0. Suppose 5*v = n*a + 60, 4*v - 2*a = -0*a + 50. What is the remainder when v is divided by ((-1134)/(-315))/((-2)/(-5))?
6
Calculate the remainder when 35*24/(-56) - -188 is divided by 35.
33
Let m = 23031 - 22467. Calculate the remainder when m is divided by 105.
39
Calculate the remainder when 1875 is divided by (-15960)/(-135) - -16 - 4/18.
133
Suppose 6*t + 129 = 9. Let l = 8 + -4. Calculate the remainder when 12 is divided by 1/(-1*l/t).
2
Suppose 157*l - 234771 + 132676 - 192123 = 0. Calculate the remainder when l is divided by 15.
14
Suppose -83 = -5*h - d, 2*h = 3*d + 2*d + 17. Let f = -51 - -103. Let j = f - 21. Calculate the remainder when j is divided by h.
15
Let t(w) = 4*w - 5. Suppose -8 = -3*k - 2*b - 0*b, 5*k = -5*b + 10. Let j = -6615 - -6667. What is the remainder when j is divided by t(k)?
8
Let m be -4*5/10 - 2. What is the remainder when ((-1044)/10)/(m/10) is divided by 44?
41
Let i = 74 + -74. Suppose 3*m - 87 + 18 = i. What is the remainder when 88 is divided by m?
19
Let z(j) = -j**2 - 19*j + 132. Let x be z(20). Let r = x + 673. What is the remainder when 369 is divided by r?
19
What is the remainder when 200 is divided by (-252 - -12)/(-16) - -39?
38
Let n(m) = m - 8. Let o be n(6). Calculate the remainder when 171 is divided by (2/o - -3)*1118/52.
42
Let f(r) = 484*r + 17437. Let j = 12 - 20. Let w = j - -44. What is the remainder when w is divided by f(-36)?
10
Let g(y) = -5*y**3 - 9*y**2 + 18*y - 497. Calculate the remainder when g(-13) is divided by 28.
25
Let n be (3 - -4)*24/14. Suppose -60 + 7 = -3*h + 2*l, -n = 3*l. Let b(t) = 15*t - 3. Calculate the remainder when b(2) is divided by h.
12
Suppose 6*g + 15*g = 35532. What is the remainder when g is divided by 415?
32
Let b = 953 - 907. What is the remainder when 962 is divided by b?
42
Suppose 9250*d - 9285*d = -19110. What is the remainder when d is divided by 177?
15
Let g = -641 - -1162. Calculate the remainder when g is divided by 89.
76
Let v(d) = -1 - 2 - 8*d - 10*d. Let b = 41 + -43. What is the remainder when v(b) is divided by 17?
16
Let l = -492 + 1895. What is the remainder when l is divided by 64?
59
Suppose a + 2388 = 10*d, 144*a = 139*a + 10. Calculate the remainder when d is divided by 1/(0 - 1) + 9.
7
Let n(j) = -3*j**3 - 162*j**2 - 19*j - 987. What is the remainder when 592/5 - 2/5 is divided by n(-54)?
1
What is the remainder when (-811342)/(-323) + (6 - 2)*(-4)/(-152) is divided by 17?
13
Suppose 3460*a - 82524 = -128*a. Suppose 7*w - 3*w = 1644. What is the remainder when w is divided by a?
20
Suppose 46*g - 1230 = -36*g. Calculate the remainder when 2818 is divided by g.
13
Let t(k) = -13*k**3 - k**2 - k + 3. Let j be t(2). Let s = j - -136. What is the remainder when 110/(1/((-1)/(-2))) is divided by s?
26
Let m = 52 + -46. Suppose -m*d + 1621 = -47. Calculate the remainder when d is divided by 70.
68
Suppose 4*j = -4*b + 60, -4*b = 4*j - 5*j + 10. Let q = -10003 - -10011. What is the remainder when j is divided by q?
6
Suppose 0 = y + 4*l - 169, -96*l = -y - 95*l + 174. Calculate the remainder when y is divided by (-1 - -15)*(-2)/(-4).
5
Let b(r) = -2*r**3 + 23*r**2 - 16*r - 46. What is the remainder when 655 is divided by b(10)?
91
Suppose -4*p + 305 = -159. Suppose -9*y = 20*y - p. Let q(g) = -g**3 + 2*g + 3. What is the remainder when q(-2) is divided by y?
3
Let f(z) = -3*z**3 + 4*z**2 + 3*z - 21. What is the remainder when 14 is divided by f(-2)?
1
Let c(k) = 31*k - 56. Let g be c(10). Suppose -238 = p - g. Let f(h) = 6*h - 3. What is the remainder when p is divided by f(2)?
7
Let c(k) = 8*k + 6 - 18*k - 13. Let z(i) = 30*i + 21. Let v(h) = -14*c(h) - 4*z(h). What is the remainder when v(5) is divided by 39?
36
Suppose -126 = -8*d - 70. Suppose -d*r - 210 = -9*r. Calculate the remainder when r is divided by 47.
11
Suppose 0*g + 4*b = -4*g + 412, -4*b = 16. What is the remainder when g is divided by 5 + 0 + 15 + -10 + 2?
11
Let r = -114 - -280. Suppose y + 5*l = 0, -4*y + 3*y + 2*l + 7 = 0. Suppose -y*j + 331 - 121 = 0. What is the remainder when r is divided by j?
40
Suppose -2*a = -14*h + 13*h - 173, 5*h = -a + 114. Let m = -180 - -123. Let z = m + a. Calculate the remainder when z is divided by 12.
8
What is the remainder when 3947 is divided by 2/((-1320)/(-2550) + (-2)/17)?
2
Let p be (-3)/7 - 2196/21. Let s = p + 129. Calculate the remainder when 117 is divided by s.
21
Suppose -p - 308 + 2243 = 128*p. Let x = -27 + 55. What is the remainder when x is divided by p?
13
Let m = 2725 + -1958. What is the remainder when m is divided by 16?
15
Let y(r) = 350*r**3 + r - 2. Let t be y(1). Let p = t + -339. What is the remainder when 14 is divided by p?
4
Let k = 5 - 3. Suppose -8 = 8*i - 10*i, 3*n - 21 = 3*i. What is the remainder when 50 is divided by n*k + -1*(7 - 4)?
12
Suppose -2014 = -2422*g + 2403*g. Calculate the remainder when 279 is divided by g.
67
Let t(h) = 3*h**2 - 65*h. Suppose 12*s = 186 + 78. Calculate the remainder when t(s) is divided by 12.
10
Suppose -2*d = -5*n - 487, 0 = -15*d + 18*d - 4*n - 720. Calculate the remainder when 864 is divided by d.
156
Let k(l) = -5*l + l**2 + 2 + 14*l - 10*l + 1. What is the remainder when 114 is divided by k(5)?
22
Suppose 0 = -8*p - 26 + 58. Calculate the remainder when (1/p)/(-5 - (-15764)/3152) is divided by 40.
37
Let u = -282 + 348. Suppose -84*b + 82*b + u = 0. Calculate the remainder when 0 + 61 - 0/(-2) is divided by b.
28
Suppose -4964 = -354*l + 21232. Let z(s) = 3*s + 8. What is the remainder when l is divided by z(6)?
22
Let m be (-45)/6*16/(-12). Suppose 2*h = 3*u + 20, -3*h + u + 34 = -m. Let r = h - 3. Calculate the remainder when 34 is divided by r.
8
Let l(a) = a**2 - 28*a + 422. What is the remainder when l(14) is divided by 39?
31
Suppose 3*q + 5*t - 19 = 6, 2*t = -5*q + 48. Suppose q*f - 51 = 9*f. Calculate the remainder when f is divided by 20.
11
Suppose -29*t - 34 = c - 861, c = -2*t + 719. What is the remainder when c is divided by 27?
9
Suppose 0 = 3*i - 151 + 133. Suppose -4*c - 4 = -4*x, i*x - 8*x - 2 = -3*c. What is the remainder when 78 is divided by x?
3
Suppose -4*n - 52 = -4*v, -4*n + 5*n = 5*v - 65. Let r = 13 - v. Suppose s = -4*f - 3, 2*s - 2*f + 7*f - 3 = r. Calculate the remainder when 22 is divided by s.
4
Let f = -82 - -52. Let h be 1/(-5) + 1*(-96)/f. Suppose 3*w - h*a = -0*a + 351, -3*a + 15 = 0. What is the remainder when w is div